 m**3 - 5*m**2 - m + 10. What is g(5)?
5
Let q(i) = -i**3 - i**2 + i - 24. Calculate q(0).
-24
Let n(a) = -a**2 + 9*a + 8. Give n(9).
8
Let h(u) = -35*u**2 + 1. What is h(1)?
-34
Let b(i) = -2*i + 33. Calculate b(17).
-1
Let c(l) = -l**3 - 7*l**2 - 4*l + 6. Give c(-6).
-6
Let o(x) = -x**3 - 31*x**2 + 32*x + 5. Give o(-32).
5
Let d(v) = 8*v - 34. Calculate d(11).
54
Let w(z) = -12*z + 127. Determine w(11).
-5
Let t(r) = 160*r**3 + r**2 + 2*r - 3. What is t(1)?
160
Let j(w) = 20*w**2 - 140*w - 3. What is j(7)?
-3
Let d(o) = 59*o**2 - o. Give d(1).
58
Let i(t) = -t**2 - 9*t - 16. Give i(-6).
2
Let g(k) = 10*k**2 - k - 10. Calculate g(3).
77
Let s(c) = 6*c**3 + 30*c**2 + 2*c + 4. Calculate s(-5).
-6
Let q(t) = 95*t - 454. Calculate q(5).
21
Let f(z) = -4*z + 7. Give f(4).
-9
Let f(o) = o + 3. Calculate f(1).
4
Let w(x) = -4*x + 27. Calculate w(9).
-9
Let b(p) = p**2 + 21*p + 33. Determine b(-15).
-57
Let h(x) = 12*x**3 - x**2 - x - 1. Give h(-1).
-13
Let h(l) = 4*l - 135. Give h(31).
-11
Let q(f) = f**3 - 5*f**2 - 4*f - 13. Calculate q(6).
-1
Let f(c) = 2*c**3 + 20*c**2 - 6*c - 22. Give f(-10).
38
Let v(c) = 5*c - 2. Calculate v(8).
38
Let u(g) = g**2 - 10*g + 15. Give u(9).
6
Let c(p) = -4*p + 104. What is c(30)?
-16
Let j(q) = -4*q - 1. What is j(1)?
-5
Let n(t) = t**2 + 32*t + 110. Give n(-28).
-2
Let m(z) = -z**3 + 6*z**2 + 9*z - 8. What is m(7)?
6
Let m(a) = 2*a + 27. Give m(-14).
-1
Let m(w) = -w**3 - 12*w**2 - 17*w - 21. Calculate m(-11).
45
Let p(f) = -f**3 + 23*f**2 - 9. Calculate p(23).
-9
Let u(x) = -6*x - 4. Give u(4).
-28
Let x(j) = -j**2 - 15*j + 195. What is x(8)?
11
Let d(j) = 14*j - 13. What is d(5)?
57
Let b(u) = -23*u**2 - 1. What is b(-1)?
-24
Let i(p) = -p**3 - 2*p**2 + 5*p - 3. What is i(2)?
-9
Let y(z) = z**3 + 6*z**2 - 7*z - 57. Calculate y(-4).
3
Let i(d) = -2*d**3 + 2*d**2 + 7*d + 11. Give i(-3).
62
Let k(p) = -p**3 + 5*p**2 + 3*p - 3. What is k(4)?
25
Let x(f) = -f**2 - 4*f - 6. What is x(-11)?
-83
Let j(l) = l**3 + 31*l**2 + 31*l + 52. Determine j(-30).
22
Let f(y) = -2*y**2 - y + 9. What is f(5)?
-46
Let f(x) = 3*x**2 - 28*x + 2. Calculate f(9).
-7
Let q(c) = -c**3 + 3*c**2 + 8*c - 9. Calculate q(4).
7
Let n(t) = 15*t**2 + t + 1. Determine n(-1).
15
Let y(r) = 3*r + 8. Calculate y(-6).
-10
Let h(u) = -u**3 - 26*u**2 - 70*u - 44. Determine h(-23).
-21
Let v(o) = 31*o + 3. What is v(1)?
34
Let n(j) = -16*j**3 - j - 1. Calculate n(-1).
16
Let w(i) = -i**2 + 11*i - 18. What is w(5)?
12
Let r(n) = n**2 + 5*n - 5. Give r(-10).
45
Let d(v) = -2*v + 29. Calculate d(7).
15
Let f(z) = 5*z**3 + 4*z**2 - 4*z + 1. Determine f(1).
6
Let p(l) = -11*l + 123. Calculate p(12).
-9
Let h(r) = 9*r + 233. Calculate h(-26).
-1
Let l(c) = c**2 - 39*c + 162. What is l(34)?
-8
Let k(y) = -y**2 + 15*y - 30. Give k(14).
-16
Let g(k) = -k**3 + 6*k**2 + 10. Calculate g(6).
10
Let k(y) = y - 31. Determine k(13).
-18
Let f(c) = -4*c**2 - 13*c - 14. Determine f(-3).
-11
Let z(g) = 16*g + 13. What is z(4)?
77
Let j(x) = x - 5. Calculate j(-7).
-12
Let n(g) = g**2 - 4*g - 7. Calculate n(6).
5
Let k(w) = w**2 + 5*w - 5. Give k(-7).
9
Let d(z) = -9*z + 125. Give d(21).
-64
Let m(z) = -z**2 - 8*z - 18. Determine m(-6).
-6
Let s(y) = -y**3 - 12*y**2 - 8*y + 20. Calculate s(-11).
-13
Let u(w) = w**3 - 13*w**2 - 15*w + 19. What is u(14)?
5
Let m(h) = 7*h - 8. Give m(1).
-1
Let x(y) = -5*y + 1. Determine x(-2).
11
Let w(k) = -k**3 - 8*k**2 + 7*k - 6. Determine w(-9).
12
Let a(q) = -16*q**3 + 6*q**2 - 8*q + 3. Calculate a(1).
-15
Let p(w) = -5*w**3 - 2*w**2 - 3*w. Determine p(-2).
38
Let y(l) = l**2 + 2*l - 7. Calculate y(2).
1
Let i(a) = -51*a**3 - 2*a**2 + 1. Give i(-1).
50
Let c(r) = -5*r + 172. Determine c(32).
12
Let f(q) = -5*q + 44. Calculate f(9).
-1
Let w(u) = 2*u**3 + 1. Give w(-1).
-1
Let f(g) = 2*g**2 - 5*g + 5. Calculate f(3).
8
Let x(j) = j**3 - 9*j**2 + 2*j + 8. What is x(8)?
-40
Let p(i) = -3*i**2 + 6*i - 5. What is p(-2)?
-29
Let x(t) = -t**3 - 14*t**2 - 13*t + 5. Calculate x(-13).
5
Let x(k) = -10*k - 58. Determine x(-7).
12
Let r(m) = m**3 - 8*m**2 + m + 4. Give r(8).
12
Let d(t) = t**3 + 10*t**2 - 26*t - 25. Determine d(-12).
-1
Let l(a) = 4*a**2 - 4*a - 4. Calculate l(4).
44
Let b(o) = 7*o - 47. Calculate b(7).
2
Let c(q) = 3*q**3 - 3*q + 2. What is c(1)?
2
Let d(o) = o**3 + 6*o**2 + 3*o - 2. Determine d(-4).
18
Let z(k) = 18*k - 64. What is z(4)?
8
Let x(s) = s**2 + 25*s + 136. Give x(-17).
0
Let z(n) = -n**3 + n**2 - 3*n + 1. Calculate z(0).
1
Let a(k) = -6*k + 12. Determine a(10).
-48
Let b(i) = -2*i**2 + 29*i - 5. Calculate b(14).
9
Let u(w) = w**3 - 7*w**2 + 2*w - 22. What is u(7)?
-8
Let m(r) = -5*r**2 + 18*r. Give m(3).
9
Let m(h) = h**2 - 9*h + 7. Calculate m(7).
-7
Let i(k) = k**3 + 15*k**2 - k - 20. Calculate i(-15).
-5
Let r(o) = o**2 - 18*o + 20. Give r(9).
-61
Let r(x) = -3*x**2 + 52*x + 22. Calculate r(17).
39
Let n(u) = -u**3 + 5*u**2 + 8*u - 19. What is n(6)?
-7
Let g(z) = z**2 + 8. Determine g(0).
8
Let y(w) = -w + 10. Calculate y(-5).
15
Let c(l) = -l**2 - 5*l - 7. What is c(-5)?
-7
Let p(z) = z**3 + 6*z**2 + 2*z - 5. Give p(-6).
-17
Let a(o) = o**2 - 24*o + 15. Calculate a(24).
15
Let u(x) = -25*x - 18. Determine u(-2).
32
Let m(h) = -h**3 - 29*h**2 - 38*h - 287. Calculate m(-28).
-7
Let m(f) = 2*f**3 + 67*f**2 - 104*f + 32. What is m(-35)?
-3
Let d(r) = 40*r + 1. Calculate d(1).
41
Let u(x) = -x**3 + 3*x**2 - 2*x - 7. What is u(0)?
-7
Let q(r) = -3*r**2 - r - 13. Give q(0).
-13
Let p(o) = o**2 - 7*o + 6. Give p(5).
-4
Let f(x) = -2*x**3 - 35*x**2 - 21*x - 49. Determine f(-17).
19
Let y(g) = -84*g + 92. What is y(1)?
8
Let y(s) = -s**2 - 15*s + 4. Calculate y(-15).
4
Let s(o) = -o**3 - o**2 - o - 15. Determine s(0).
-15
Let y(t) = 5*t + 66. Calculate y(-13).
1
Let k(w) = w**2 - 83*w - 348. Calculate k(-4).
0
Let p(c) = c**3 - c**2 - 12*c - 7. Give p(-3).
-7
Let j(k) = k**3 + 5*k**2 + 5*k + 2. Give j(-4).
-2
Let o(r) = -r**3 + 19*r**2 - r + 23. Give o(19).
4
Let t(v) = -16*v - 5. Calculate t(2).
-37
Let l(u) = 3*u - 18. Give l(1).
-15
Let z(p) = -14*p - 113. What is z(-8)?
-1
Let v(n) = 67*n**2 + 5*n - 5. Determine v(1).
67
Let t(m) = -7*m + 53. Determine t(20).
-87
Let c(o) = -2*o - 57. Calculate c(-20).
-17
Let t(r) = -r**3 + 7*r**2 - 2*r + 15. Calculate t(6).
39
Let o(j) = -54*j + 10. Determine o(4).
-206
Let k(y) = 35*y + 7. Calculate k(-1).
-28
Let l(g) = 13*g - 8. Determine l(-2).
-34
Let j(m) = -2*m**3 - 45*m**2 - 23*m + 8. Calculate j(-22).
30
Let f(n) = -59*n - 267. Determine f(-4).
-31
Let b(k) = -2*k**3 - 22*k**2 + 23*k - 10. Give b(-12).
2
Let o(x) = -x + 6. Give o(3).
3
Let r(c) = 30*c - 363. Calculate r(12).
-3
Let g(p) = 2*p**2 - 2*p. Give g(2).
4
Let b(u) = -25*u - 16. Calculate b(-6).
134
Let q(h) = -4*h**3 + 2*h**2 + 3*h - 3. What is q(2)?
-21
Let g(y) = 3*y. What is g(-3)?
-9
Let x(n) = -n**3 + 4*n**2 + 5*n - 12. Determine x(4).
8
Let y(u) = u**3 + 11*u**2 + 9*u. Give y(-10).
10
Let r(h) = 4*h + 14. Determine r(-8).
-18
Let s(t) = -7*t**2 + 5*t + 1. Calculate s(2).
-17
Let i(l) = 5*l**2 + 3*l + 3. Determine i(-1).
5
Let u(n) = -n**3 + 2*n**2 + 5. Give u(3).
-4
Let t(b) = b**3 - 10*b**2 + 23*b - 3. Calculate t(6).
-9
Let k(n) = -n**3 - 28*n**2 + 6. Give k(-28).
6
Let k(z) = -4*z**2 - 7*z + 8. Determine k(3).
-49
Let o(l) = -3*l**3 + 13*l**2 - 2*l. Determine o(4).
8
Let k(m) = -m**3 + 18*m**2 - 18*m + 19. Calculate k(17).
2
Let z(r) = -r**3 + 9*r**2 - 7*r - 5. Determine z(8).
3
Let d(a) = a**3 + 8*a**2 + 5*a - 16. Determine d(-7).
-2
Let u(b) = b**2 + 2*b - 105. What is u(-12)?
15
Let j(c) = -c**2 - 18*c - 27. Calculate j(-13).
38
Let o(c) = -2*c**2 + 13*c - 3. Give o(5).
12
Let c(o) = o**3 - 27*o**2 - 26*o - 60. What is c(28)?
-4
Let t(d) = 12*d - 42. Give t(4).
6
Let h(v) = -v**2 + 8*v + 16. Determine h(9).
7
Let r(g) = -9*g**2 - g + 1. Give r(1).
-9
Let k(w) = -w**2 + 4*w + 21. Give k(14).
-119
Let f(a) = -a**3 - 4*a**2 + 7*a - 2. What is f(-6)?
28
Let g(z) = z**2 + 9*z - 25. Determine g(-13).
27
Let v(w) = 7*w**2 + w - 1. Give v(-3).
59
Let k(v) = -v**3 + 3*v**2 + 2*v - 3. Determine k(2).
5
Let r(c) = c**3 - 18*c**2 + 11*c + 94. Calculate r(17).
-8
Let q(k) = -8*k**3 - 5*k**2 + 3*k - 1. What is q(1)?
-11
Let o(l) = -l**3 - 14*l**2 - 32*l + 11. What is o(-11)?
0
Let z(i) = 3*i - 4. Give z(7).
17
Le